10?
-11112
In base 7, what is -135312 + -2?
-135314
In base 13, what is -ba0 - -7c?
-b21
In base 9, what is -1214544 - -5?
-1214538
In base 16, what is -25 - -1419?
13f4
In base 6, what is -10102425 + -20?
-10102445
In base 12, what is -b564 + 65?
-b4bb
In base 2, what is 1011011111111 + 100?
1011100000011
In base 12, what is -5 - 546a?
-5473
In base 14, what is 66d7c9 + -3?
66d7c6
In base 7, what is -1211 - 16622?
-21133
In base 8, what is -1 + 2423?
2422
In base 3, what is 1020022 + 102012?
1122111
In base 6, what is -1004555 + -3?
-1005002
In base 3, what is -12020102112 + 10?
-12020102102
In base 13, what is -3b91 + 0?
-3b91
In base 10, what is -60 - -12317?
12257
In base 6, what is -1434 - 315?
-2153
In base 5, what is -13 - -34221022?
34221004
In base 10, what is 812 - 6430?
-5618
In base 12, what is 2bb65 - -2?
2bb67
In base 6, what is 15044245 - 1?
15044244
In base 9, what is 3588 + 0?
3588
In base 12, what is -b59 - 53?
-bb0
In base 10, what is 15914 + -3?
15911
In base 6, what is -425523 - -2?
-425521
In base 9, what is -5 - 157682?
-157687
In base 15, what is 16c + -b?
161
In base 12, what is 10a8b + 3b?
10b0a
In base 8, what is 16410747 + 1?
16410750
In base 16, what is -681be + 1?
-681bd
In base 6, what is -2000451 - 4?
-2000455
In base 3, what is -101000 + 102020102?
101212102
In base 16, what is -3 - 1fd13?
-1fd16
In base 6, what is -4033454 - 1?
-4033455
In base 8, what is 1 - -54376?
54377
In base 5, what is 21432 + 40?
22022
In base 15, what is 40e02 + -5?
40dec
In base 7, what is 13402 - 5?
13364
In base 6, what is -3 + 3333432?
3333425
In base 7, what is 4051 - 120?
3631
In base 5, what is 1441 + 124?
2120
In base 16, what is 502 - b8?
44a
In base 2, what is 101 + -100110001001110000110?
-100110001001110000001
In base 8, what is 5 - -51574?
51601
In base 4, what is -333332100 + 1?
-333332033
In base 5, what is -4 + 1034021?
1034012
In base 10, what is 1969 + -425?
1544
In base 3, what is 12211211001 + -11?
12211210220
In base 11, what is 18 + -890a9?
-89091
In base 8, what is -1 + 321113?
321112
In base 9, what is 8834 - -733?
10667
In base 16, what is -79bb + 0?
-79bb
In base 4, what is 10 - 1230311211?
-1230311201
In base 12, what is -a4a10 - -1?
-a4a0b
In base 16, what is -229e - -2?
-229c
In base 10, what is 91 - -381?
472
In base 10, what is 8824 + -8?
8816
In base 14, what is 195 - -13?
1a8
In base 8, what is 3057 - 5?
3052
In base 13, what is 127a2 + 14?
127b6
In base 12, what is 55143 + -4?
5513b
In base 14, what is -56310 - -2?
-5630c
In base 14, what is 2a2 - c6?
1ba
In base 3, what is 102011211102020 - -1?
102011211102021
In base 6, what is -2044 + -202?
-2250
In base 8, what is -45 - -3163?
3116
In base 15, what is 150 + -38?
117
In base 8, what is 363101 + 1?
363102
In base 8, what is -6204 + 46?
-6136
In base 14, what is 1c - 4c7c?
-4c60
In base 4, what is -10102 + 31031?
20323
In base 4, what is -2 + -1130012?
-1130020
In base 2, what is 1001 + 1000011111010?
1000100000011
In base 4, what is -100233123 + -1?
-100233130
In base 5, what is -12334 - 431?
-13320
In base 4, what is -20 + -2012212300?
-2012212320
In base 13, what is -3 - cb0b8?
-cb0bb
In base 3, what is -11012100120 + -1012?
-11012101202
In base 8, what is 53 - -6375?
6450
In base 15, what is -81 + 197?
116
In base 13, what is -3 + -18069?
-1806c
In base 9, what is 4 + 646017?
646022
In base 4, what is 3221110 - -212?
3221322
In base 11, what is -5a - -667?
608
In base 2, what is -1101001110001010 + -101?
-1101001110001111
In base 8, what is 140044 + 4?
140050
In base 14, what is -a2b2 + -37?
-a309
In base 16, what is -6643d - 0?
-6643d
In base 15, what is 449 + 6?
450
In base 13, what is 4 + -420cc?
-420c8
In base 12, what is 5 - 20706?
-20701
In base 8, what is 33 - 1064012?
-1063757
In base 16, what is -88c90 + -3?
-88c93
In base 8, what is 65641 - -1?
65642
In base 3, what is 1120 + 1021220?
1100110
In base 9, what is -80 + -1727?
-1817
In base 7, what is 135 - -240?
405
In base 8, what is 3 - 134361?
-134356
In base 12, what is 11b17a - -5?
11b183
In base 13, what is 30 + -114?
-b4
In base 12, what is 173b + 48?
1787
In base 15, what is -5b7 - -32?
-585
In base 14, what is 2 + 13b?
13d
In base 8, what is 15 + 11420?
11435
In base 7, what is 0 + 30202?
30202
In base 11, what is -5 + 7a50?
7a46
In base 11, what is -4687 - -a2?
-4595
In base 10, what is 1111 + -146?
965
In base 8, what is 2172 + 1053?
3245
In base 3, what is -11010112 - -11101?
-10222011
In base 8, what is -531 - 15013?
-15544
In base 4, what is 30 + 102310231?
102310321
In base 5, what is -102001041 + 0?
-102001041
In base 11, what is -63 - 62a3?
-6356
In base 11, what is -70 + -8459?
-8519
In base 13, what is 4 - -377b7?
377bb
In base 6, what is -2 - 31434?
-31440
In base 12, what is 1727 + -2b?
16b8
In base 14, what is 40443 - -4?
40447
In base 2, what is 11111011010 - 101000?
11110110010
In base 16, what is -399 - e?
-3a7
In base 2, what is -1001111100010100010001 - 0?
-1001111100010100010001
In base 2, what is -101100100011000010 + 101?
-101100100010111101
In base 12, what is -190 - 575b?
-592b
In base 14, what is -c02 - 26?
-c28
In base 2, what is -1010001 - 110001001000010?
-110001010010011
In base 15, what is 7 - 282e?
-2827
In base 13, what is 1c - -17a46?
17a65
In base 9, what is -3 + -167?
-171
In base 6, what is -12113504 - -1?
-12113503
In base 10, what is 54 - -561?
615
In base 5, what is 2421130 - -2?
2421132
In base 14, what is -1b2 + -189?
-35b
In base 12, what is -11 + 21?
10
In base 11, what is -16 - 1710?
-1726
In base 6, what is -15050204 + -5?
-15050213
In base 7, what is 1355055 + 5?
1355063
In base 3, what is -20 + 10010020?
10010000
In base 14, what is -156 + -683?
-7d9
In base 6, what is 40 + 55350?
55430
In base 2, what is -1100110011 - 1110111?
-1110101010
In base 7, what is -16 - 64000?
-64016
In base 14, what is -7378b - 3?
-73790
In base 13, what is 102 + 15c5?
16c7
In base 8, what is 4246 + -266?
3760
In base 15, what is 163 - 36?
12c
In base 8, what is -33576 + -17?
-33615
In base 3, what is -2 + -2100102001?
-2100102010
In base 13, what is b78 + 107?
c82
In base 12, what is 24bab - -4b?
2503a
In base 2, what is -10100011 - 110111000000?
-111001100011
In base 6, what is 154204 - -41?
154245
In base 5, what is 2002341 + 2?
2002343
In base 5, what is 2 + -130030040?
-130030033
In base 11, what is 2 + -981?
-97a
In base 5, what is 2114120 + 2?
2114122
In base 11, what is -5 + 3a822?
3a818
In base 15, what is -4 - 121ac?
-121b1
In base 5, what is 140402 + 24?
140431
In base 15, what is 131 + 138?
269
In base 6, what is -4215 + -1?
-4220
In base 2, what is 1101011101001001 + 110?
1101011101001111
In base 5, what is 3 - 2210424?
-2210421
In base 8, what is -45113 - 0?
-45113
In base 12, what is 5a - 198?
-13a
In base 11, what is -290809 + -3?
-290811
In base 10, what is 16091 - -1?
16092
In base 11, what is 2 - -13520?
13522
In base 14, what is -102822 + -a?
-10282c
In base 3, what is -2 + 11001222112?
11001222110
In base 4, what is 3332 - 10333202?
-10323210
In base 13, what is -3267ac + 1?
-3267ab
In base 13, what is 4 - -b269?
b270
In base 14, what is 13 + -a8522?
-a850d
In base 8, what is -5 + 17104?
17077
In base 10, what is 52 + -860?
-808
In base 9, what is -2022 - -6?
-2015
In base 15, what is c47 + 18?
c60
In base 8, what is -277 - 4306?
-4605
In base 14, what is -5a7 + -217?
-7c0
In base 13, what is -1 - -b88?
b87
In base 8, what is -13 - 216266?
-216301
In base 8, what is -301756 + 4?
-301752
In base 16, what is 1ea55 + 4?
1ea59
In base 7, what is 1113 - -554?
2000
In base 15, what is -184067 - 3?
-18406a
In base 2, what is -10 - -1010100111011000?
1010100111010110
In base 10, what is -6 + -26114?
-26120
In base 3, what is -12 + -222210222?
-222211011
In base 14, what is 0 + 7a879?
7a879
In base 2, what is 101 - -10010010001111101?
10010010010000010
In base 14, what is 5 + ca61?
ca66
In base 5, what is 20203041 - 10?
20203031
In base 13, what is -15a87 - -4?
-15a83
In base 9, what is -42 - 320?
-362
In base 10, what is -2 - 17893?
-17895
In base 5, what is -3 + -4433321?
-4433324
In base 9, what is -5 + -112736?
-112742
In base 10, what is -52 + 1256?
1204
In base 13, what is c3 + 85b?
951
In base 15, what is 510d + 31?
513e
In base 5, w